*w + 66. Let f be k/20 - (-5)/4. Suppose -y = -f - 3. Let d(o) = -3*o + 6. Calculate d(y).
-9
Suppose 60 = 3*d - d + 5*t, 0 = 4*d + 5*t - 130. Suppose 0*l + d = 5*l. Let s(b) = b**2 - 5*b - 6. What is s(l)?
8
Suppose 0 = -2*u + 14 - 18. Let d(g) = -2*g**3 - 4*g**2 - g + 2. What is d(u)?
4
Let n(h) = 5*h - h**2 + 2 - 6 - 2*h**2 + 4*h**2. Let f = 122 - 128. What is n(f)?
2
Let r(g) = -g**3 + 8*g**2 - 6*g + 3. Let q = -26 - -25. Let b be q/(-9) + (-6)/54. Suppose -4*y = -b*y - 28. Calculate r(y).
10
Let j be 0*(3/6 + 12/(-8)). Let y(i) = j*i - 36 + 44 + 2*i. Give y(-6).
-4
Let m(w) = w**2 + w - 1. Let g be 12/(-36) + (-14)/(-6). Let t be ((-33)/(-22))/(g/(-4)). Determine m(t).
5
Let y(u) = u + 10. Let n be y(-8). Let r(b) = -9 + b**n - b - 2*b**2 + 15. Suppose -c - 7*s + 4*s = 15, -c - 20 = 4*s. Determine r(c).
6
Let d(r) = r**2 + r - 1. Let h be d(0). Let z be (-4)/h - (-2 + 7) - 1. Let b(y) = 2*y**2 + 2*y - 2. Give b(z).
2
Let l = -35 - -42. Let k(m) = 9 - 4 - l - m. Determine k(-4).
2
Suppose 2*f + 0*f = 3*r + 19, 4*f = 4*r + 32. Let c = 6 - f. Let b(j) = -j**2 + j + 1. Let i(n) = -4*n**2 + 3*n + 2. Let u(l) = -3*b(l) + i(l). Calculate u(c).
-2
Let u = 4 + 1. Let f(y) = -205*y - 5 + 399*y - 198*y + y**2. Calculate f(u).
0
Let q(t) = 9 + 13 + 1 - t - t**2 + 7. Determine q(0).
30
Let w(r) = -r + 4. Let n = -176 + 183. What is w(n)?
-3
Suppose -25 = -4*f + j, 0*f - 2*j + 10 = 4*f. Let q(a) be the first derivative of -6*a + 7 - 1/2*a**2. Calculate q(f).
-11
Suppose 3*r - 4*r + 38 = 4*f, r = 3*f + 45. Suppose -z = 6*z + r. Let n(u) = u**3 + 5*u**2 - 3*u + 5. Give n(z).
-13
Let l(v) = -v**2 + 3*v. Let y(c) = 2*c**2 + 1. Let b be y(1). Suppose -i - b + 5 = 0. Suppose 2*a - 8 = -i. What is l(a)?
0
Let s(y) = 18*y - 19 - 41*y + 28*y. What is s(7)?
16
Let p(q) = 10*q + 25. Let u be (3/(-1))/(128/128). Determine p(u).
-5
Let r(a) = -3*a - 5. Let j(c) = c + 3. Let f(p) = -5*j(p) - 3*r(p). Let w(m) = m**2 + 43*m - 531. Let s be w(10). Determine f(s).
-4
Let n(t) = 4*t**3 + 8*t**2 + 2*t - 4. Let q(k) = -6*k**3 - 11*k**2 - 2*k + 5. Let j(w) = -4*n(w) - 3*q(w). Calculate j(-2).
-7
Let x(a) be the third derivative of -1/120*a**6 + 0*a + 11/6*a**3 + 0 + 1/60*a**5 - 1/24*a**4 + 28*a**2. Determine x(0).
11
Suppose -32*f + 26*f = -6. Let d(l) be the first derivative of -4*l**3/3 - 1. Determine d(f).
-4
Let x(k) = -4*k + 9. Let i(d) = -d**2 + 8*d - 18. Let u be i(6). Let a(z) = 5*z - 9. Let f(n) = u*x(n) - 5*a(n). Let s be 1/(-4) + 3/12. Calculate f(s).
-9
Suppose o = -5*x - 0 + 19, -2*o + 8 = 0. Suppose -3*z - 9 = -3*l, z + x*l - 11 = 6. Suppose -q - 4 - z = 0. Let s(a) = -a**2 - 3*a + 7. What is s(q)?
-11
Let m = 10 + -5. Let w(c) be the second derivative of -c**6/360 + c**5/20 - c**4/4 - c**3/3 + 3*c. Let g(z) be the second derivative of w(z). Give g(m).
-1
Let t(i) = -3 + 4*i**2 - 47*i - 9 + 42*i. Let a(v) = 5*v**2 - 5*v - 14. Let g(r) = -5*a(r) + 6*t(r). Determine g(-4).
2
Let v(x) be the third derivative of 1/2*x**3 + 0 + 1/3*x**4 - x + x**2 + 1/30*x**5. What is v(-5)?
13
Suppose -8*k - 130 + 18 = 0. Let v = k + 14. Suppose v*t = t. Let h(f) = -f**3 - f**2 + 11. Determine h(t).
11
Let q(x) = 4*x**3 + x**2 - 10*x - 2. Let v(n) = 5*n**3 + 2*n**2 - 11*n - 4. Let o(t) = 4*q(t) - 3*v(t). Give o(3).
-8
Let a(t) = -2238*t - 2227*t + t**2 - 20 + 4459*t. Calculate a(8).
-4
Suppose -5*k = -2*v - 3, -4 + 6 = -2*k. Let f be ((v + 28)/(-4))/1. Let n(q) = -4*q - 20. Let h be n(f). Let r(c) = c + 4. Determine r(h).
8
Let o(u) = -u**3 - 5*u**2 - 3*u - 3. Suppose 88 + 80 = -7*l. Let w = l - -20. Give o(w).
-7
Let w(p) = 2*p**2 - 2*p + 3. Let m be -13 - (2 - 3) - 1. Let i = -1 + m. Let y = -12 - i. Give w(y).
7
Let g(c) be the first derivative of -29*c**3/3 + c**2 - c - 53. Calculate g(1).
-28
Let f(x) = 1. Let i(l) be the third derivative of -l**4/6 - l**3/2 - 6*l**2. Let y(u) = -4*f(u) - i(u). Give y(3).
11
Let n = -4 - -8. Let g(p) = p**2 - p. Let l be g(1). Let o(q) = l*q - 3 + 0*q + 1 + 2*q. What is o(n)?
6
Let h be (-17)/(-4) + 1548/(-688). Let b(l) = -l**3 - l**2 + 3*l - 5. Let r(z) = z**2 + 2*z - 7*z - z**3 + 9 + 3*z**3. Let y(f) = 5*b(f) + 3*r(f). Give y(h).
2
Let g = 12 - 12. Suppose 2*w - 27 = 3. Suppose g = 2*c + 3*r + 7 + 8, 0 = 3*c + 3*r + w. Let v(m) = -m**2 + 4. Give v(c).
4
Let t(z) = 21*z**2 + 12*z - 18. Let o(v) = -37*v**2 - 23*v + 35. Let q(c) = 4*o(c) + 7*t(c). Determine q(-9).
5
Suppose 12 + 6 = 6*z. Let t(w) = 5*w + 2. Let c(s) = 5*s + 3. Let x(o) = z*c(o) - 4*t(o). Let m be (1*4/(-2))/(-2). Determine x(m).
-4
Let i = 509 - 509. Let a(n) = -5*n**2 + n - 5. Let w(d) = d**2 + 1. Let y(c) = -a(c) - 6*w(c). Determine y(i).
-1
Let q(j) = -j**2 - 7*j - 8. Let f be (1/(-2) - 2)/((-8)/(-16)). Give q(f).
2
Let y be (-36)/(-12) - (-2 + 0). Let f(s) = -2*s + 12. Give f(y).
2
Let j(r) = -2*r + 24 - 55 + 31. Suppose -15 = -7*v + 2*v. Suppose x = 2*x + v. Calculate j(x).
6
Let s(o) = -16*o**2 - 33*o. Let l be s(-2). Let j(g) = 5 + 2*g**2 - 4*g + 3*g**2 - 3. Calculate j(l).
14
Let p(r) = r + 5. Let a be (-1 + -7)/(2/(-3)). Let z be 18/(-5) - (a/(-10))/(-3). Determine p(z).
1
Suppose -w = 3*w - 12. Let j(u) = 4 + 5*u + u**2 - 17*u**2 + 8*u**2 + 6*u**2 - 6. Give j(w).
-5
Let o(b) = b**3 - 5 + 62*b - 7 - 58*b + 14 + 2*b**2. Give o(-2).
-6
Suppose -3 = -2*n + 2*i - 3*i, -5*i = n - 15. Let t(d) = -6*d + 5. Calculate t(n).
5
Let m(q) = 2*q**3 - 5*q**2 - 4*q + 1. Let c(u) = u**3 - 5 + 43*u**2 - u - 44*u**2 + 4. Let j(x) = -c(x) + m(x). Suppose 0 - 4 = -f. Give j(f).
-10
Let d(z) = -13 - 162*z + 79*z + 84*z. What is d(8)?
-5
Let y(n) = 2*n**3 + 1. Suppose -2*q + 4*q - 10 = 0, -3*u - 4*q + 71 = 0. Suppose x = -2*d - 0*x - 2, -d + u = -4*x. Determine y(d).
3
Let x(o) be the first derivative of o**2 - 6*o - 92. Let q(t) = 7*t**3 - t**2. Let m be q(1). Determine x(m).
6
Let j be -11 + (3 - 0) - -4. Let g(m) = -3*m**2 + 7*m + 2. Let t(k) = -2*k**2 + 6*k + 1. Let v(y) = j*t(y) + 3*g(y). Give v(2).
-8
Suppose -2*j + a = -611, -2*a + 5*a - 921 = -3*j. Let q(z) = -7 - 8*z + 305*z**2 - j*z**2 - 3. Calculate q(-8).
-10
Let p be 4 + 0 + (5 - 5). Suppose -m = -p*g - 18, 6*m + 20 = m - 2*g. Let a(t) = -3*t + 1. What is a(m)?
7
Let f(c) = c**3 - 14*c**2 + 13*c + 17. Let u be f(13). Let q(a) = -a**2 + 18*a + 18. Let o be q(u). Let h(n) = -9 - 12 - 9 + o + 3*n. What is h(-4)?
-7
Suppose -v + 4*v - 72 = 0. Suppose 0*f = -4*f - v. Let w(r) = r**3 + 7*r**2 + 7*r - 1. Give w(f).
-7
Let k(p) = 5*p - 1. Let q be (-21)/3 - -3 - -14. Let c = q - 7. What is k(c)?
14
Let u(w) = -28*w**2 + 25*w - 21. Let k(o) = -13*o**2 + 11*o - 10. Let n(j) = 13*k(j) - 6*u(j). Give n(-9).
-22
Let z(b) = 18*b + 17*b - 1 - 33*b. Let q(m) = -m**3 + 6*m**2 + 8*m - 4. Let l be q(7). Determine z(l).
5
Let r(q) = -11*q**2 + 6*q - 7. Let x(c) = 2*c**2 - c + 2. Let i(k) = -r(k) - 6*x(k). Give i(-4).
-21
Suppose -2*f - t + 456 = 0, 4*t = -3*f + 2*t + 684. Let y(l) = -f + 3*l**2 - 5*l**3 + 5*l + 4*l**3 + 231. What is y(4)?
7
Let p(l) = l**2 + l + 4. Let k(q) = q**2 + 8*q + 7. Let o(r) = -r**3 + 16*r**2 - r + 9. Suppose 18 + 14 = 2*n. Let h be o(n). Let w be k(h). Calculate p(w).
4
Let n = 622 - 627. Let y(l) = -3*l. Let k(g) = 7*g. Let t(m) = 2*k(m) + 5*y(m). Determine t(n).
5
Suppose -2*q = -p - 0*q + 13, 3*p + 3*q = 12. Let t(n) = -2*n + 7. Give t(p).
-7
Let a(k) = -6*k + 12. Let r(h) = 9*h - 22. Let c(y) = -11*a(y) - 6*r(y). Determine c(-1).
-12
Let r = -1117 + 1124. Let k(o) = 2*o**2 - 13*o - 12. Give k(r).
-5
Let m(z) = -z**3 - 9*z**2 + 2*z + 11. Let s(q) = -q**2 + 2*q - 9. Let b be s(0). Let v be m(b). Let k(p) = -p**2 - 7*p + 1. Determine k(v).
1
Let l(f) = -f**3 + 184*f**2 - 4*f + 172*f**2 - 353*f**2 + 1. Let h = -4 - -7. Give l(h).
-11
Let o(v) = -v**3 + 19*v + 3. Let a(j) = 2*j**3 + j**2 - 36*j - 7. Let h(t) = 6*a(t) + 11*o(t). Calculate h(-7).
-9
Let z(x) = 3*x**2 + 2*x - 5. Let d = 406 - 410. Give z(d).
35
Let o = -4 - -7. Let p = o - 0. Let g be -3 - p/((-6)/4). Let x(y) = -8*y**3 + y**2 + y. Calculate x(g).
8
Let w = 89 - 81. Let h(i) = -2*i - 8. Determine h(w).
-24
Let q(t) = -t - 1 + 4 + 1. Let b(u) = 4*u - 136. Let d be b(36). Determine q(d).
-4
Let d(c) be the third derivative of c**4/12 + c**3/3 + 151*c**2. Calculate d(0).
2
Let q(l) = -13*l**2 - 7. Let c be (-8)/6*6*(-4)/(-8). Let k(v) = 6 - 3 + 0 + 6*v**2